der when w is divided by 27.
26
Suppose 0 = -7*r - 22 - 34. What is the remainder when 179 is divided by (-19 - (r + -1))*(-2 + 1)?
9
Suppose 7*f - 84 = 4*f. Suppose i - 23 = f. What is the remainder when (-2 - -4)*i/2 is divided by 18?
15
Suppose 36 = 4*h - 8. Let j(l) = l**3 + 18*l**2 - 12*l - 52. Let x be j(-18). Suppose 12*k - 220 = x. What is the remainder when k is divided by h?
10
Suppose -5*t = 2*k - 38 + 11, 5*t - 33 = -3*k. Suppose -y = 732*n - 727*n + 61, n = -5*y + 7. Calculate the remainder when k is divided by y.
2
Let i = -767 + 824. What is the remainder when 730 is divided by i?
46
What is the remainder when (81702/765)/((-4)/(-10)) is divided by 56?
43
Suppose -2*b + v = -4*v + 376, -3*b - 614 = 5*v. Let u = b - -202. Calculate the remainder when 49 is divided by u.
1
Calculate the remainder when (131/(-3))/(1*4/(-24)) + -2 is divided by 37.
1
Suppose 7*s + 297 = -4*s. Let x = 130 + s. Suppose 3*c = -4*q + 116, 5*q + 4*c - 197 + 51 = 0. Calculate the remainder when x is divided by q.
25
Let j = 38 + -44. What is the remainder when 60/35 - -3*j/(-63) is divided by 33/15 + (-6)/30?
0
What is the remainder when -1269*4/(-6) - -8 is divided by 33?
29
Suppose -13*a = -19*a - 1140. Let x = a + 248. Calculate the remainder when 577 is divided by x.
55
Suppose 2*f + 3*f = 25, -4*v + 143 = -f. Let l = 102 + -99. What is the remainder when v is divided by l?
1
Let s be 678 - (5 - (-9 + 8)). Let p = 722 - s. Calculate the remainder when 398 is divided by p.
48
Let t(k) = 3*k**3 - 50*k**2 + 187*k. Calculate the remainder when 903 is divided by t(5).
3
Let n(b) = -6*b + 17. Let k(z) = -12*z + 34. Let j(p) = 3*k(p) - 5*n(p). What is the remainder when 4 + (8 - 4) + 22 is divided by j(2)?
0
Let h = -33 - -54. Let x(v) = -2*v**3 - 59*v**2 - 44*v - 313. Calculate the remainder when x(-29) is divided by h.
17
Let f be 2 + -3 + (-4 - -31). Let k = 123 - f. Let c(a) = -5*a + 50. What is the remainder when k is divided by c(5)?
22
Let p = -47 - -51. Let c(s) = -s**2 + 8*s - 15. Let z be c(p). What is the remainder when 129 is divided by (-2 - -22)*z/2?
9
Let t(o) = o**2 - 10*o + 13. Let s be t(9). Let l be s - ((-16)/4 - -6). Suppose -l*n + 130 + 66 = 0. Calculate the remainder when n is divided by 10.
8
Suppose 4*v - v + 2*c = 35, 2*v + c = 25. What is the remainder when (-4 + (-143)/(-39))/((-1)/177) is divided by v?
14
Let n(i) = 7*i. Let w be (-7)/(28/(-27)) - 15/20. Suppose -w*l = -5*s - 8*l + 122, 5*l - 58 = -3*s. Calculate the remainder when s is divided by n(2).
12
Let l = -25 - -350. Calculate the remainder when l is divided by 212/(-742)*(-107 + 2).
25
Let p(w) = -75*w - 24. Let l be p(-3). Let z = l - 169. Calculate the remainder when 94 is divided by z.
30
Suppose 0 = 5*m - 3*n + 110 + 67, 3*m + 3*n + 87 = 0. Let i = m - -19. Calculate the remainder when 80 is divided by 2/(40/i - -3).
10
Suppose -188*p = -7808 - 6856. What is the remainder when 213 is divided by p?
57
Suppose -35*q + 4*q = 92 - 495. Suppose -2*f + 7*f - 165 = 0. Calculate the remainder when f is divided by q.
7
Let v = -79 - -79. Suppose 2*u - j = 18 - 2, v = -3*j. Suppose -4*p + u = -168. What is the remainder when 130 is divided by p?
42
Suppose -7 = -3*f - i, -f + 6*f + 2*i = 12. Suppose 4*g = -4*w + 5*w + 71, 3*w = f*g - 33. What is the remainder when 27 is divided by g?
9
Suppose 6*x = -4*m - 0*m + 24210, -x = 2*m - 12103. What is the remainder when m is divided by 4?
3
Suppose -30*f + 25*f + 2*t = -2289, -t - 2 = 0. What is the remainder when f is divided by 448?
9
What is the remainder when 56987/56 + (37 + -35 - 13/8) is divided by 12?
10
Suppose -8*l + 13*l = -2*l + 8876. What is the remainder when l is divided by 127?
125
Let f(k) = 268*k**2 + 120*k + 120. What is the remainder when f(-1) is divided by 30?
28
Let m(w) = w**2 - 5*w. Suppose 0*t = 2*o + 2*t - 2, 0 = 5*o - 4*t - 14. Calculate the remainder when m(-4) is divided by 36/o - (-28 + 33).
10
Let u be 9/(18/4) - -6. Calculate the remainder when (-3)/6 - (-532)/u is divided by 23.
20
Suppose 5*j = 0, k = -31*j + 33*j + 366. Let z = k - 277. What is the remainder when z is divided by 24?
17
Let p(f) = 10*f**3 - f**2 + f. Let j be (-50)/3*(-19)/(57/18). Suppose -2*y + 20 = -y - 3*b, 0 = 3*y + b - j. Calculate the remainder when y is divided by p(1).
2
Let r = -3801 + 4363. What is the remainder when r is divided by 93?
4
Suppose 12492*g - 124096 = 12478*g. Calculate the remainder when g is divided by 22.
20
Suppose 42*v - 16*v + 14768 = 0. Let l = v + 865. What is the remainder when l is divided by 75?
72
Let o(g) = -g**3 + 6*g**2 + 15*g + 4. Let f be o(8). Let q be (f/6)/((21/72)/(-7)). Suppose -36 - q = -4*s. Calculate the remainder when 35 is divided by s.
9
Let w(o) = -16*o + 43. Calculate the remainder when w(-13) is divided by 97.
57
Suppose 2*p - 3*d - 3 = -8*d, -2*p + 2*d = -38. Calculate the remainder when 1254 is divided by p.
8
Suppose 52*u + 63*u - 95*u - 82920 = 0. What is the remainder when u is divided by 11?
10
Let f = -96 - -77. Let t = -11 + f. What is the remainder when 111 is divided by 7/(t/(-18) - 2/3)?
6
Let k(x) = -5*x + 37. Let t be k(8). Let h(n) = 2*n + 2. Let a be h(-3). What is the remainder when 142 is divided by ((-78)/(-6))/(t - a)?
12
Let h = 309 + -268. Let g = -303 - -355. Calculate the remainder when g is divided by h.
11
Let y = 811 - 298. What is the remainder when y is divided by 37?
32
Suppose 4*x + 148 = 388. Let y be x/16*(-132)/(-3). Let p = y - 107. What is the remainder when p is divided by 20?
18
What is the remainder when 6208 is divided by (-255)/17 + 7 + (238 - 0)/1?
228
Suppose 9*j + 4 - 58 = 0. Suppose -8*i = -2*i - j. Let y = i - -80. Calculate the remainder when y is divided by 28.
25
Suppose -2983*x = -1498*x - 1494*x + 16623. What is the remainder when x is divided by 98?
83
Let n = -2 - -2. Suppose -16 = -4*j + 2*y, n = -y - 1 + 5. Suppose 4*i - 115 = -3*s, 153*s - 110 = -5*i + 156*s. Calculate the remainder when i is divided by j.
1
Suppose 16*a - 17*a + 2 = 3*t, 5*a = 2*t + 10. Let q = -41 + 71. Calculate the remainder when 160/q - (-4)/(-3) is divided by a.
0
Let u(h) = -h**3 - h**2 + 3*h - 18. Let t(z) = -z**3 + z + 1. Let p(f) = 2*t(f) - u(f). Calculate the remainder when p(0) is divided by 2800/(-240)*3/(-5).
6
Let v = 9711 + -9361. What is the remainder when 1055 is divided by v?
5
Suppose 0 = -u + 25 + 42. Calculate the remainder when u is divided by 6 - (1 + -3 + 37/((-444)/72)).
11
Let k be (14 - 11)/(1*-5)*-5. Calculate the remainder when (8 - k)*(-129)/45*-3 is divided by 5.
3
Suppose -77190 = -155*u + 54*u + 39*u. What is the remainder when u is divided by 591?
63
Suppose 3*u - 5*u = -u - 3202. What is the remainder when u is divided by 9?
7
Calculate the remainder when 425 is divided by -3 + 5*(-8)/(-10) + 90.
61
Suppose -2*s - 5*c + 8*c = 21, 3*c = 3*s + 39. What is the remainder when (114/s - 4)/((-2)/6) is divided by 15?
1
Let r(u) = 43*u + 2688. Calculate the remainder when 3313 is divided by r(-61).
63
Suppose -4*v = 3*j - 2*j + 252, 4*v - 948 = 4*j. Let c = -222 - j. What is the remainder when 66 is divided by c?
12
Let w be 8/(-20) - (-6)/15. Calculate the remainder when 116 is divided by (18/27)/(w + (-6)/(-117)).
12
Let o = -2222924 + 2223254. Let a be 0 + 0/(-1 - 1). Let g(f) = -f + 37. Calculate the remainder when o is divided by g(a).
34
Let z = 8758 + -8638. What is the remainder when z is divided by 43?
34
Suppose -3*u = -5*j - 84, 3*u + 31 - 142 = -4*j. Let k = 36 - u. Suppose -q + k = 0, -2*f + 33 = -2*q - q. What is the remainder when f is divided by 13?
8
Suppose -8*u - 26*u = 47*u - 1215. Calculate the remainder when 8382 is divided by u.
12
Suppose 0 = -30*w - 16343 + 45593. Calculate the remainder when w is divided by 50.
25
Suppose 66*q = -22*q + 44*q + 4004. Calculate the remainder when 437 is divided by q.
73
Let z(o) = 15*o**2 + 28*o - 112. Let l(v) = 8*v**2 + 15*v - 56. Let f(j) = -7*l(j) + 4*z(j). Calculate the remainder when f(7) is divided by 5.
4
Suppose -4*o - 3*s + 90 = -492, -598 = -4*o + 5*s. Suppose -70 = 8*x - 15*x. What is the remainder when o is divided by x/3*(-30)/(-4)?
22
Let s = 808 - 268. Suppose -2*b = 2*b - s. What is the remainder when b is divided by 6 - -3*(-29)/(-3)?
30
What is the